47 and 3520728?
963
What is the greatest common divisor of 5942640 and 4180?
220
What is the greatest common divisor of 52905493 and 10124?
2531
Calculate the highest common divisor of 4525124 and 1679.
73
What is the greatest common divisor of 5904 and 5718?
6
Calculate the highest common divisor of 81341 and 1589278.
6257
Calculate the highest common divisor of 1711614 and 4187.
79
Calculate the greatest common divisor of 1396358 and 1099.
157
What is the highest common factor of 69139440 and 270?
270
Calculate the highest common divisor of 7373 and 2705599.
73
Calculate the greatest common factor of 4186 and 1065428.
182
What is the highest common divisor of 57240 and 61128?
216
What is the greatest common divisor of 41504491 and 1337?
1337
What is the greatest common factor of 10959 and 20397?
39
Calculate the highest common divisor of 63339234 and 168.
42
What is the greatest common factor of 8822438 and 58?
58
What is the highest common factor of 150559404 and 12?
12
What is the highest common divisor of 434380918 and 4426?
4426
Calculate the highest common divisor of 2110509 and 3834.
27
What is the highest common divisor of 36 and 5569724?
4
Calculate the highest common divisor of 2241709170 and 30.
30
What is the highest common factor of 220 and 102431230?
110
Calculate the greatest common factor of 975 and 25813775.
325
What is the greatest common divisor of 10830836 and 200362?
2822
What is the greatest common factor of 46551735 and 148?
37
What is the greatest common factor of 5714280 and 42768?
2376
Calculate the highest common factor of 504 and 573601.
7
What is the highest common divisor of 6427588 and 76?
4
Calculate the highest common divisor of 264254 and 13655504.
7142
Calculate the highest common divisor of 1692 and 2212560.
36
What is the greatest common divisor of 79515 and 280364?
589
Calculate the highest common divisor of 474925 and 225181.
121
Calculate the highest common factor of 162 and 15490.
2
What is the highest common factor of 215 and 29657315?
215
What is the highest common divisor of 2789199 and 588?
21
Calculate the greatest common divisor of 27880820 and 140.
20
What is the highest common divisor of 125738264 and 1808?
904
Calculate the greatest common factor of 19370 and 72306.
26
What is the greatest common factor of 103703 and 311?
1
Calculate the greatest common divisor of 12 and 121288332.
12
What is the greatest common divisor of 121487730 and 2730?
2730
Calculate the highest common factor of 1636081 and 10736.
61
Calculate the greatest common divisor of 8096795 and 14.
7
What is the greatest common divisor of 240721982 and 38?
38
What is the greatest common factor of 2693994 and 3?
3
Calculate the greatest common divisor of 938350 and 71050.
2450
Calculate the highest common divisor of 72 and 127494450.
18
What is the greatest common factor of 4288273 and 8536?
1067
Calculate the greatest common factor of 207 and 10045683.
9
What is the highest common factor of 4755 and 303636?
3
What is the greatest common factor of 4922 and 4956026?
214
What is the highest common factor of 31167328 and 4824?
536
What is the greatest common factor of 1904 and 987826?
14
Calculate the highest common factor of 112 and 9039002.
14
Calculate the highest common divisor of 7848038 and 1276.
638
What is the greatest common divisor of 70791140 and 5?
5
Calculate the greatest common divisor of 147237725 and 425.
25
Calculate the greatest common factor of 985446 and 74734.
1738
Calculate the highest common factor of 156 and 4124941548.
156
Calculate the greatest common factor of 68683264 and 208808.
4856
Calculate the highest common divisor of 22637352 and 90156.
8196
What is the highest common factor of 48580908 and 4?
4
Calculate the greatest common factor of 29487090 and 15.
15
What is the highest common factor of 355 and 3571490?
5
Calculate the greatest common factor of 21495 and 213975.
15
Calculate the greatest common factor of 150 and 1834545.
15
What is the greatest common divisor of 242 and 13560107?
121
What is the highest common factor of 4710 and 16114794?
942
Calculate the greatest common divisor of 196075 and 217.
31
Calculate the greatest common factor of 3510 and 344790.
270
What is the greatest common divisor of 40 and 236248070?
10
Calculate the highest common divisor of 1881 and 25735446.
99
What is the highest common factor of 2644 and 90284668?
2644
Calculate the greatest common factor of 132 and 856032.
12
What is the highest common factor of 492270 and 144570?
1830
Calculate the greatest common factor of 4087 and 730099.
67
What is the greatest common divisor of 193778583 and 444?
111
What is the greatest common divisor of 963745734 and 1554?
1554
Calculate the highest common divisor of 113 and 353623330.
113
Calculate the highest common divisor of 32708 and 12087153.
221
Calculate the greatest common factor of 114503116 and 104.
52
What is the greatest common factor of 3081 and 400604181?
237
Calculate the highest common factor of 1402882 and 234.
26
Calculate the greatest common factor of 151659388 and 2588.
2588
Calculate the highest common factor of 34092 and 112.
4
What is the greatest common factor of 72 and 473576?
8
Calculate the highest common factor of 16711629 and 17.
17
What is the highest common divisor of 5372553 and 10665?
237
What is the highest common factor of 26359680 and 200?
40
Calculate the greatest common factor of 1289640 and 2.
2
What is the greatest common divisor of 4601364 and 361716?
8412
Calculate the highest common divisor of 376726 and 18886.
994
Calculate the greatest common factor of 6 and 316840.
2
Calculate the greatest common factor of 2323825 and 5479425.
8575
Calculate the highest common divisor of 2984 and 37824.
8
Calculate the greatest common divisor of 33 and 29731449.
33
Calculate the highest common factor of 6060 and 16891240.
2020
Calculate the highest common divisor of 90367 and 3243.
23
What is the highest common factor of 12292 and 273540022?
6146
What is the greatest common factor of 8169793 and 116?
29
What is the highest common divisor of 13 and 29657719?
13
What is the highest common factor of 33190 and 21493844?
6638
What is the greatest common factor of 1558096 and 16?
16
What is the highest common factor of 1706 and 38910448?
1706
Calculate the highest common factor of 630661 and 231377.
577
What is the highest common factor of 7285455 and 135?
45
What is the greatest common factor of 6126595 and 135?
5
What is the greatest common divisor of 5132479 and 183?
61
What is the highest common divisor of 23 and 3599293?
23
What is the greatest common factor of 5901500 and 258593?
1073
Calculate the greatest common factor of 437530325 and 25.
25
What is the highest common factor of 75 and 62393775?
75
Calculate the greatest common factor of 133997355 and 12042.
6021
Calculate the highest common factor of 5481160 and 24.
8
Calculate the greatest common divisor of 83902 and 23170.
14
Calculate the highest common divisor of 2383750 and 355000.
1250
What is the greatest common factor of 3908544 and 48?
48
What is the greatest common factor of 18 and 6942500?
2
What is the greatest common divisor of 1936 and 78311684?
484
What is the highest common divisor of 405296 and 7884?
292
Calculate the greatest common factor of 4590 and 30185568.
54
Calculate the highest common divisor of 2299110780 and 180.
60
What is the greatest common factor of 5195564 and 44?
44
What is the highest common factor of 974037688 and 624?
104
Calculate the highest common factor of 62 and 1840439.
31
Calculate the greatest common factor of 165674999 and 609.
203
What is the greatest common factor of 1498 and 84992026?
1498
Calculate the greatest common divisor of 428424 and 36.
12
Calculate the highest common divisor of 7536636 and 5220.
1044
Calculate the greatest common divisor of 8142 and 322590111.
4071
Calculate the greatest common divisor of 36084 and 2547996.
1164
What is the greatest common factor of 37107837 and 3224?
403
Calculate the greatest common factor of 2097520 and 775.
5
What is the highest common factor of 34137425 and 10?
5
What is the greatest common divisor of 228150139 and 21?
7
Calculate the greatest common divisor of 156495410 and 10.
10
What is the great